)?
-1
Let c(x) = 2*x**3 + 133*x**2 - 62*x + 342. Calculate c(-67).
7
Let z(g) = 73*g - 1564. Give z(23).
115
Let h(f) = -2*f**3 - 19*f**2 + 12*f + 27. Calculate h(-10).
7
Let h(p) = 3*p**3 - 3*p**2 + 8*p - 27. Calculate h(2).
1
Let m(x) = -6*x**2 + 91*x + 58. Determine m(17).
-129
Let j(i) = -28*i - 108. Calculate j(-7).
88
Let p(x) = 6*x**3 - 4*x**2 + 43*x - 88. Determine p(2).
30
Let d(n) = 19*n - 931. Give d(48).
-19
Let t(i) = -6*i - 864. Determine t(-134).
-60
Let g(y) = 2*y**3 - 63*y**2 + 36*y - 165. Calculate g(31).
-10
Let p(k) = k**2 - 7*k - 42. What is p(15)?
78
Let t(u) = -45*u + 928. Give t(18).
118
Let i(b) = -b**2 + 37*b + 39. What is i(33)?
171
Let w(y) = 366*y + 35128. Determine w(-96).
-8
Let y(v) = -v**3 - 47*v**2 - 93*v - 40. Calculate y(-45).
95
Let m(k) = k**3 + 16*k**2 - 8*k + 177. Give m(-17).
24
Let r(u) = 15*u - 1390. Determine r(91).
-25
Let w(b) = -17*b**3 - 3*b**2 + 4*b - 1. Calculate w(1).
-17
Let c(n) = 3159*n - 9406. Give c(3).
71
Let g(v) = 2*v**2 - 13*v + 143. Calculate g(9).
188
Let l(i) = -26*i**2 + 11*i - 38. Determine l(3).
-239
Let s(v) = -v**3 + 7*v**2 - 7*v + 23. Calculate s(6).
17
Let v(l) = 1948*l - 11701. Determine v(6).
-13
Let a(k) = k**3 - 7*k**2 - 7*k - 25. Determine a(7).
-74
Let g(r) = -43*r - 1260. Calculate g(-27).
-99
Let z(b) = b**3 - 15*b**2 + 53*b - 99. Determine z(11).
0
Let k(g) = -g + 70. What is k(61)?
9
Let l(o) = -33*o**2 + 1451*o + 52. Determine l(44).
8
Let x(a) = -a**3 + 3*a**2 + 5*a - 16. Give x(4).
-12
Let z(v) = -34*v + 267. Give z(11).
-107
Let r(z) = 287*z - 2593. Calculate r(9).
-10
Let h(m) = -1857*m + 26001. Calculate h(14).
3
Let c(z) = 46*z**3 - 5*z**2 + 7*z - 2. Give c(1).
46
Let c(l) = 562*l - 15122. What is c(27)?
52
Let s(m) = m**3 + 11*m**2 - 627*m - 207. Calculate s(-31).
10
Let x(a) = a**2 + 52*a + 284. What is x(-6)?
8
Let k(o) = -o**3 - 13*o**2 - 40*o - 8. Calculate k(-5).
-8
Let p(u) = -77*u + 870. What is p(13)?
-131
Let g(l) = l**3 - 2*l**2 - 23*l - 64. Give g(-3).
-40
Let d(m) = 50*m - 62. Determine d(-1).
-112
Let u(r) = -r**2 + 430*r - 2133. Determine u(5).
-8
Let a(x) = 2*x**3 - 24*x**2 + 75*x + 171. Determine a(8).
259
Let l(u) = -4*u**2 - 5*u + 9. Give l(-4).
-35
Let s(c) = c**2 + 97*c + 447. Give s(-5).
-13
Let i(o) = -295*o - 2338. Calculate i(-8).
22
Let c(x) = x**3 - 7*x**2 - 5*x + 36. Give c(6).
-30
Let v(x) = -x**2 + 823*x - 13692. What is v(17)?
10
Let o(g) = -5*g**3 + 71*g**2 - 15*g - 18. Determine o(14).
-32
Let b(v) = -11*v - 18. Calculate b(-26).
268
Let f(b) = -42*b - 924. Give f(-22).
0
Let y(r) = -19*r + 1003. What is y(54)?
-23
Let i(k) = k**3 - 18*k**2 - 41*k + 15. What is i(20)?
-5
Let b(n) = 286*n - 5139. What is b(18)?
9
Let x(z) = z**3 + 25*z**2 + 127*z + 2533. Calculate x(-24).
61
Let b(l) = -14*l**2 - 11*l + 3. Give b(2).
-75
Let q(i) = -2*i**3 - 21*i**2 - 26*i + 7. Determine q(-2).
-9
Let p(v) = v**2 - 22*v + 86. What is p(21)?
65
Let o(x) = 102*x**2 + 28460*x + 557. Calculate o(-279).
-1
Let j(w) = -2*w**2 - 20*w + 261. Give j(-18).
-27
Let f(w) = -2*w**2 + 494*w - 6511. Determine f(14).
13
Let s(x) = 4*x**3 + 18*x**2 + 21*x + 74. Calculate s(-4).
22
Let h(m) = m**3 + 4*m**2 + 10*m + 164. Determine h(-7).
-53
Let y(r) = -r**3 - 7*r**2 + 9*r + 32. Give y(-7).
-31
Let o(h) = 2*h**3 + 82*h**2 + 78*h - 58. What is o(-40)?
22
Let z(u) = -3*u - 115. What is z(-65)?
80
Let b(i) = 81*i + 1710. Give b(-21).
9
Let r(j) = 61*j - 1219. Determine r(18).
-121
Let y(a) = -21*a**2 - 53*a + 147. Calculate y(3).
-201
Let o(z) = -4072*z - 4036. Determine o(-1).
36
Let d(z) = z**2 - 144*z + 2254. What is d(126)?
-14
Let g(u) = -23*u + 51. Calculate g(5).
-64
Let r(c) = 3*c**2 + 678*c - 680. Give r(1).
1
Let o(b) = -5*b**3 + 108*b**2 + 42*b + 43. Determine o(22).
-1
Let z(h) = -7*h**2 - 937*h - 1846. Calculate z(-2).
0
Let i(t) = 2*t**3 - 9*t**2 + 19*t - 74. Determine i(5).
46
Let i(q) = 3*q**2 - 115*q - 642. Calculate i(43).
-40
Let y(a) = 4*a**3 - 5*a**2 - a + 18. Give y(-3).
-132
Let x(y) = 2*y**3 - 31*y**2 - 19*y + 27. Calculate x(16).
-21
Let m(h) = -37*h**2 - 48*h - 8. Calculate m(0).
-8
Let q(y) = -177*y + 1264. What is q(7)?
25
Let z(h) = 2*h**2 - 7*h + 40. Give z(6).
70
Let m(u) = 55*u + 85. Determine m(-7).
-300
Let p(m) = m**3 - 9*m**2 - 41*m + 52. What is p(12)?
-8
Let i(s) = -s**3 - 10*s**2 - 43*s - 593. Give i(-11).
1
Let x(a) = -a**3 + 50*a**2 - 103*a + 336. Determine x(48).
0
Let o(y) = -15*y + 103. Calculate o(13).
-92
Let s(r) = -r**3 - 7*r**2 + 216*r + 910. What is s(-4)?
-2
Let r(a) = 7*a - 413. Determine r(63).
28
Let t(f) = f**3 - 106*f**2 - 85*f - 2336. Determine t(107).
18
Let j(p) = 28*p - 37. Calculate j(3).
47
Let h(w) = -6*w**2 + 28*w + 126. Give h(6).
78
Let x(d) = -d**2 + 35*d - 700. What is x(24)?
-436
Let o(y) = y**2 - 182*y + 7196. Calculate o(124).
4
Let y(o) = -o**2 - 14*o + 54. What is y(-23)?
-153
Let u(x) = x**3 + 34*x**2 + 61*x - 98. What is u(-32)?
-2
Let w(u) = 2*u**3 + 22*u**2 - 13*u - 39. Determine w(-10).
291
Let g(r) = 4*r**2 + 52*r + 147. Give g(-4).
3
Let b(m) = -2*m**3 - 22*m**2 + 3*m - 22. What is b(-12)?
230
Let j(a) = 2*a - 95. What is j(37)?
-21
Let a(l) = -l**3 - 5*l**2 + 88*l - 167. What is a(2)?
-19
Let v(a) = -a**3 + 184*a**2 + 2147*a - 424. Calculate v(195).
-34
Let c(g) = -g**3 + 5*g**2 + 71*g - 25. Determine c(11).
30
Let z(s) = -33*s + 3065. Give z(82).
359
Let b(p) = -2*p**3 - 17*p**2 + 83*p - 22. Calculate b(-12).
-10
Let k(f) = 4*f - 287. What is k(-14)?
-343
Let d(c) = -c**2 + 206*c - 6777. Give d(41).
-12
Let z(j) = -j**3 - 17*j**2 - 5*j - 37. Give z(-17).
48
Let j(t) = t**2 + 6*t - 4. Give j(-2).
-12
Let m(t) = 62*t - 3. What is m(2)?
121
Let j(l) = -26*l + 272. Calculate j(11).
-14
Let o(n) = 245*n + 3. Calculate o(0).
3
Let d(z) = -61*z + 324. What is d(5)?
19
Let x(s) = -s**3 - 5*s**2 + 81*s + 236. Give x(-3).
-25
Let k(t) = 5*t**3 - 63*t**2 - 25*t - 15. Give k(13).
-2
Let a(x) = x**3 - 61*x**2 + 166*x + 451. Calculate a(58).
-13
Let s(c) = c**2 + 3*c + 23. What is s(-5)?
33
Let o(c) = 74*c - 368. Determine o(10).
372
Let l(i) = i**2 + 24*i + 81. Give l(-5).
-14
Let a(q) = q**3 + 78*q**2 - 594*q + 76. What is a(-85)?
-9
Let f(o) = -98*o - 4. Determine f(0).
-4
Let y(p) = 16*p**2 + 1571*p + 292. Determine y(-98).
-2
Let r(j) = j**3 - 2*j**2 + 34*j - 33. Determine r(1).
0
Let v(y) = 2*y - 121. What is v(21)?
-79
Let l(m) = m - 50. What is l(38)?
-12
Let v(q) = 5*q + 62. Calculate v(-40).
-138
Let z(s) = -s**2 - 18*s + 203. Determine z(7).
28
Let w(a) = -5*a**2 + 88*a - 270. What is w(3)?
-51
Let q(c) = 62*c**2 + 8680*c - 5. Determine q(-140).
-5
Let m(r) = 3*r**2 - r - 15. Determine m(-3).
15
Let l(d) = -4*d**2 - 433*d + 2276. What is l(5)?
11
Let b(x) = 136*x + 20118. Give b(-148).
-10
Let w(j) = -11*j**3 - 12*j**2 + 29*j + 8. Determine w(3).
-310
Let t(y) = y - 18. What is t(-2)?
-20
Let z(t) = -570*t + 9708. What is z(17)?
18
Let o(f) = -36*f - 35. Give o(-2).
37
Let v(o) = -401*o - 1252. Determine v(-3).
-49
Let i(o) = o**3 + 87*o**2 + 400*o - 817. What is i(-82)?
3
Let j(i) = -2*i**2 - 909*i - 17377. Give j(-20).
3
Let n(m) = 4*m**2 - 45*m + 52. What is n(11)?
41
Let h(l) = -2*l**3 + 65*l**2 - 40*l + 142. Give h(32).
-114
Let p(h) = -13543*h - 27092. Give p(-2).
-6
Let z(x) = -x**3 + 68*x**2 - 900*x - 4. What is z(18)?
-4
Let s(h) = 169*h - 1183. Give s(7).
0
Let d(z) = -z**3 - 100*z**2 + 323*z - 59. Give d(3).
-17
Let x(c) = -283*c + 1549. Give x(6).
-149
Let t(o) = o**3 + 57*o**2 + 281*o + 6436. Determine t(-54).
10
Let h(b) = b**3 + 45*b**2 + 200*b - 2516. What is h(-38)?
-8
Let u(i) = -i**3 - 37*i**2 + 74*i - 199. Give u(-39).
-43
Let g(a) = -350*a + 2802. Give g(8).
2
Let s(o) = -25*o - 379. Determine s(-17).
46
Let m(t) = -15*t - 667. Determine m(-42).
-37
Let z(k) = 20*k + 97. Determine z(8).
257
Let n(m) = m**3 - 4*m**2 - 8*m + 131. What is n(5)?
116
Let o(u) = 75*u + 559. Give o(-7).
34
Let l(k) = -k**3 + 38*k**2 + 87*k + 175. Determine l(40).
455
Let l(c) = -31*c**2 - 220*c - 12. What is l(-7)?
9
Let t(f) = f**3 - 26*f**2 - 6*f + 5. Give t(26).
-151
Let r(t) = -39*t**3 + t**2 - 6*t - 7. What is r(-2)?
321
Let r(q) = q**2 + 43*q + 48. Determine r(-42).
6
Let k(s) = 2*s**3 + 264*s**2 - 1936*s - 37. Calculate k(7).
33
Let o(c) = -6*c**2 - 80*c + 48. Calculate o(-14).
